-38).
8
Let y(b) = 3*b**3 - 2*b**2 - 6. Calculate y(3).
57
Let o(s) = 3*s + 59. Determine o(-21).
-4
Let y(h) = h**2 - 4*h - 6. Give y(-4).
26
Let t(z) = -z**3 + 2*z**2 - 5. What is t(0)?
-5
Let x(k) = 2*k + 10. Determine x(-6).
-2
Let q(v) = -38*v - 4. What is q(-5)?
186
Let i(c) = 20*c. Calculate i(-2).
-40
Let u(j) = -j**3 - 5*j**2 + 2. Determine u(-3).
-16
Let d(z) = z**3 - 8*z**2 + z - 1. Give d(8).
7
Let a(b) = -7*b - 1. What is a(3)?
-22
Let h(s) = 2*s**2 - 16*s + 25. Determine h(4).
-7
Let a(n) = -n**3 - 7*n**2 - 5*n - 7. Give a(-5).
-32
Let n(m) = -m**2 + 13*m - 10. What is n(12)?
2
Let y(g) = -2*g + 2. Calculate y(8).
-14
Let c(w) = w + 12. Give c(-12).
0
Let d(f) = -7*f + 90. Give d(16).
-22
Let u(n) = n - 3. Determine u(-2).
-5
Let f(j) = 3*j + 2. Determine f(-2).
-4
Let i(k) = 21*k - 1. Give i(1).
20
Let s(u) = u**3 + 17*u**2 + 16*u + 4. Calculate s(-16).
4
Let l(c) = -3*c**2 - 4*c - 4. What is l(-1)?
-3
Let m(w) = -2*w**2 - 20*w - 7. Give m(-4).
41
Let j(z) = z**3 - 15*z**2 - 32*z + 9. Calculate j(17).
43
Let s(r) = r**2 - 6*r - 6. Give s(6).
-6
Let z(f) = 3*f**2 - 23*f + 8. Calculate z(8).
16
Let k(t) = -5*t**2 + t - 4. What is k(2)?
-22
Let k(i) = -38*i + 189. Give k(5).
-1
Let b(t) = 24*t - 21. Give b(0).
-21
Let i(u) = u**3 + 6*u**2 - 4*u - 2. Determine i(-5).
43
Let g(l) = l - 77. Determine g(26).
-51
Let z(m) = m**2 - 8*m + 3. Calculate z(3).
-12
Let b(i) = -i**2 + 13*i + 16. Give b(14).
2
Let r(v) = -4*v**2 + 3*v + 7. Determine r(-2).
-15
Let c(p) = -p**2 - 13*p + 12. Determine c(-13).
12
Let o(c) = c**2 - 11*c + 4. Determine o(3).
-20
Let k(g) = 2*g**2 + 11*g + 7. Determine k(-5).
2
Let v(s) = s**2 + 24*s + 139. Give v(-10).
-1
Let p(a) = 11*a**3 + a**2 - a - 1. What is p(-1)?
-10
Let w(t) = -t**3 + 5*t + 8. Calculate w(-3).
20
Let z(t) = 2*t**2 + 2*t + 1. Calculate z(3).
25
Let l(w) = -w - 8. What is l(-5)?
-3
Let p(q) = -3*q**2 - 7*q - 3. Determine p(-5).
-43
Let d(t) = -2*t**3 - 4*t**2 + 2. What is d(-2)?
2
Let d(f) = -f**2 + 14*f + 53. Give d(-3).
2
Let p(y) = 5*y - 18. Give p(5).
7
Let n(a) = -a**3 - 12*a**2 - 32*a - 9. Determine n(-9).
36
Let l(h) = -h**2 - 2*h - 4. What is l(-5)?
-19
Let b(k) = -4*k - 17. Calculate b(-13).
35
Let w(m) = m**2 - m - 33. Give w(0).
-33
Let v(c) = -c**2 - 11*c + 12. Determine v(-12).
0
Let m(s) = -13*s + 26. Calculate m(3).
-13
Let b(i) = 3*i**2 + 10*i - 1. Determine b(-5).
24
Let j(q) = 5*q + 54. Determine j(-9).
9
Let w(n) = -n**2 + 27*n - 80. Calculate w(24).
-8
Let p(u) = -2*u + 5. Determine p(4).
-3
Let g(c) = c**3 + 21*c**2 + 22*c + 36. Calculate g(-20).
-4
Let y(k) = -k + 1. Give y(1).
0
Let h(z) = z + 5. Give h(-13).
-8
Let w(m) = -m**2 - 109*m - 619. What is w(-6)?
-1
Let q(c) = c**3 - 5*c**2 - 11*c + 25. Give q(6).
-5
Let f(l) = l + 25. Determine f(-7).
18
Let z(c) = c**3 + 5*c**2 - 7*c + 4. What is z(-6)?
10
Let f(i) = -16*i**2 + 96*i - 19. Give f(6).
-19
Let h(c) = c**3 - 28*c**2 + 22*c + 134. Calculate h(27).
-1
Let v(l) = -l**3 - 24*l**2 - 2*l - 48. What is v(-24)?
0
Let w(k) = -22*k - 49. Determine w(-6).
83
Let r(x) = -26*x**2 + 105*x. Give r(4).
4
Let f(u) = u**3 + 16*u**2 - 16*u + 22. What is f(-17)?
5
Let d(x) = 3*x**2 + 8*x + 2. Determine d(-6).
62
Let k(c) = -c**2 - 8*c - 3. Determine k(-3).
12
Let h(k) = k - 4. Calculate h(-14).
-18
Let g(p) = p**3 + 9*p**2 - 6*p - 11. Determine g(-10).
-51
Let y(t) = 54*t**2 + 1. Calculate y(-1).
55
Let h(f) = 12*f - 138. Calculate h(12).
6
Let w(j) = j**3 - 18*j**2 + 3*j - 58. Determine w(18).
-4
Let u(n) = -8*n - 12. Calculate u(5).
-52
Let w(x) = -x**3 - 6*x**2 - 3*x + 3. Give w(-4).
-17
Let b(o) = o**3 - 5*o**2 + 5*o - 3. What is b(3)?
-6
Let g(p) = -p + 9. Determine g(6).
3
Let y(w) = 10*w**2 + 24*w + 10. What is y(-2)?
2
Let y(c) = -c**3 + 10*c**2 - 13*c + 15. Calculate y(8).
39
Let i(s) = -4*s - 69. What is i(-17)?
-1
Let z(w) = -5*w**2 - 1. Calculate z(-1).
-6
Let c(a) = -2*a**2 + 23*a - 11. Give c(10).
19
Let y(x) = 2*x**3 - 3*x**2 - x - 2. What is y(2)?
0
Let j(u) = -u**3 - 26*u**2 - 27*u - 31. Give j(-25).
19
Let q(f) = -6*f - 33. Give q(-17).
69
Let n(l) = l - 6. Determine n(-4).
-10
Let f(o) = 5*o + 33. What is f(-6)?
3
Let l(f) = f**3 + 5*f**2 - 4*f - 24. Give l(-4).
8
Let q(c) = 123*c + 5. Give q(1).
128
Let s(f) = -5*f**2 + 3*f + 6. Determine s(-2).
-20
Let s(q) = 6*q + 11. Calculate s(-4).
-13
Let o(k) = 4*k**2 - 3*k + 2. Calculate o(2).
12
Let k(n) = n + 4. What is k(-3)?
1
Let x(t) = -5*t - 2. Determine x(15).
-77
Let x(z) = -z**2 - 11*z - 8. Give x(-7).
20
Let n(s) = 12*s**3 - 5*s**2 + 2*s + 7. What is n(-1)?
-12
Let g(h) = -h**3 - 8*h**2 - h - 10. What is g(-8)?
-2
Let g(l) = -8*l + 281. Give g(36).
-7
Let v(n) = -8*n. Calculate v(-1).
8
Let s(u) = u**3 - u**2 - u - 24. What is s(0)?
-24
Let d(f) = f**2 - 7*f - 6. What is d(7)?
-6
Let h(i) = i**3 + 16*i**2 - 130*i + 47. Calculate h(-22).
3
Let r(b) = -2*b + 10. What is r(6)?
-2
Let g(f) = 10*f + 4. What is g(5)?
54
Let y(a) = -10*a - 4. Give y(-18).
176
Let j(c) = c**3 + 5*c**2 - 5*c + 77. Give j(-7).
14
Let j(l) = -l**2 - 14*l - 24. What is j(-6)?
24
Let k(s) = s - 14. Calculate k(20).
6
Let g(y) = -10*y - 78. Determine g(-7).
-8
Let b(l) = l**3 + 6*l**2 + 5*l - 6. What is b(-5)?
-6
Let o(s) = 166*s + 172. Determine o(-1).
6
Let c(f) = 185*f - 366. Give c(2).
4
Let d(x) = -60*x - 6. Determine d(0).
-6
Let r(a) = -12*a + 71. Give r(6).
-1
Let a(h) = -7*h + 7. What is a(8)?
-49
Let a(c) = -c**3 + 10*c**2 - 7*c - 12. Give a(9).
6
Let d(v) = -v**3 + 13*v**2 + 14*v + 20. Determine d(14).
20
Let q(g) = g**2 - 6*g + 1. Give q(5).
-4
Let v(w) = -w**3 - 10*w**2 - w + 2. What is v(-8)?
-118
Let m(j) = -22*j - 35. What is m(-10)?
185
Let x(y) = -y**3 + 32*y**2 - y + 9. Determine x(32).
-23
Let j(i) = -i**2 + 5*i + 2. Determine j(4).
6
Let s(v) = v + 8. What is s(-6)?
2
Let j(u) = 7*u**3 - 2*u**2 - 4*u - 2. Give j(-1).
-7
Let n(t) = 5*t + 25. What is n(-7)?
-10
Let g(x) = -x**3 - 2*x**2 + 2*x + 1. Calculate g(-3).
4
Let h(y) = -y**2 + 2*y + 7. What is h(0)?
7
Let v(j) = j**3 - 10*j**2 + 3*j - 18. What is v(9)?
-72
Let x(y) = y**3 + 7*y**2 + 11*y - 1. Determine x(-5).
-6
Let a(s) = -5*s + 9. Determine a(8).
-31
Let j(g) = -9*g**3 - 2*g**2 + 3*g - 1. Determine j(1).
-9
Let t(y) = y**2 - y + 17. Determine t(0).
17
Let y(j) = -j**3 - 3*j**2 + 7*j + 6. Calculate y(-5).
21
Let t(x) = -2*x**3 + x**2 - x. Determine t(2).
-14
Let k(d) = d**2 - 6*d - 11. What is k(-2)?
5
Let n(o) = -29*o - 359. Calculate n(-12).
-11
Let l(z) = z**2 + 2*z - 5. Calculate l(-2).
-5
Let j(n) = -n**3 + 32*n**2 - 57*n - 93. What is j(30)?
-3
Let f(w) = 3*w**2 - 10*w + 16. Calculate f(2).
8
Let j(n) = -n**3 - 17*n**2 - 13*n + 38. What is j(-16)?
-10
Let g(a) = 18*a**3 - 3*a - 2. Calculate g(-1).
-17
Let l(m) = 21*m + 23. What is l(0)?
23
Let l(z) = -z**2 + 33*z + 55. What is l(31)?
117
Let j(f) = -3*f - 20. Give j(0).
-20
Let h(z) = z**3 - 61*z**2 - 65*z + 185. Determine h(62).
-1
Let d(v) = v**3 - 10*v**2 - 13*v + 14. Determine d(11).
-8
Let q(d) = 58*d + 4. Calculate q(-2).
-112
Let m(o) = -o**3 + 10*o**2 - 11*o - 11. Calculate m(9).
-29
Let q(s) = -2*s**2 + 34*s + 13. Determine q(14).
97
Let l(f) = f**3 - 4*f**2 + 3*f + 3. What is l(3)?
3
Let m(i) = 4*i - 28. What is m(8)?
4
Let a(j) = j**2 - j - 6. Determine a(3).
0
Let t(n) = n**3 - n**2 + 5*n - 4. What is t(2)?
10
Let j(m) = -m**3 + 10*m**2 - 10*m - 8. Give j(9).
-17
Let l(s) = -7*s - 2. Calculate l(-4).
26
Let q(v) = 23*v**2 - 392*v + 15. Determine q(17).
-2
Let x(f) = -f**3 - 9*f**2 - 4. Give x(-8).
-68
Let f(m) = m**2 + 3*m - 2. Determine f(3).
16
Let q(g) = 5*g**3 - 6*g + 7. Determine q(1).
6
Let h(t) = 29*t + 1271. Determine h(-44).
-5
Let c(z) = -z**3 - 4*z**2 + 10*z - 7. Calculate c(-6).
5
Let t(d) = -2*d**3 + 40*d**2 - 40*d + 43. Determine t(19).
5
Let r(g) = -g**2 + 58*g - 226. What is r(54)?
-10
Let q(y) = -4*y + 19. Calculate q(8).
-13
Let q(c) = -13*c - 146. Calculate q(-10).
-16
Let k(i) = i**2 - 12*i + 28. Determine k(5).
-7
Let k(q) = q**3 - 8*q**2 - 7*q + 11. Calculate k(8).
-45
Let j(z) = -2*z**2 - 21*z + 19. Determine j(-8).
59
Let r(a) = -a**3 + 8*a**2 + 4*a - 10. Calculate r(8).
22
Let b(z) = z**2 + 16*z + 4. Calculate b(-13).
-35
Let s(d) = 3*d - 7. What is s(-4)?
-19
Let n(r) = 10*r + 22. What is n(-2)?
2
Let d(z) = z**2